and 7021740.
660
What is the greatest common divisor of 1661 and 7341469?
151
Calculate the greatest common factor of 22450106 and 50650.
2026
What is the highest common divisor of 29576 and 4454885?
3697
What is the highest common factor of 51 and 4690640?
17
What is the highest common divisor of 356804625 and 750?
375
Calculate the greatest common factor of 5008 and 628817.
313
What is the greatest common factor of 1994545423 and 3497?
3497
Calculate the highest common factor of 138 and 9706713.
69
Calculate the greatest common factor of 10375515 and 30.
15
What is the highest common factor of 3110 and 619863430?
3110
What is the greatest common factor of 69000 and 15315240?
2760
Calculate the greatest common factor of 595335 and 4631401.
3053
Calculate the greatest common factor of 2056 and 10215236.
1028
Calculate the highest common factor of 16535 and 13445.
5
What is the greatest common factor of 280586 and 1152868?
1174
Calculate the greatest common divisor of 15669785 and 16376.
2047
Calculate the highest common divisor of 35212530 and 32190.
1110
What is the highest common factor of 57960 and 286776?
504
What is the greatest common factor of 3168 and 38029536?
288
What is the greatest common factor of 40216288 and 25060?
5012
Calculate the greatest common divisor of 92 and 9300740.
92
What is the greatest common divisor of 18 and 42550980?
6
What is the greatest common factor of 81 and 1899657?
9
What is the highest common factor of 695 and 66190?
5
What is the highest common factor of 14 and 29386336?
14
Calculate the greatest common divisor of 63754422 and 474.
474
What is the highest common divisor of 1518 and 122070729?
759
Calculate the highest common divisor of 364500 and 36500.
500
Calculate the highest common divisor of 208 and 119078258.
26
Calculate the greatest common divisor of 106449705 and 11925.
2385
What is the greatest common factor of 3193 and 1305216?
103
Calculate the greatest common divisor of 27 and 458362098.
27
What is the greatest common divisor of 13168 and 1116208?
16
Calculate the highest common factor of 748 and 30188.
4
What is the greatest common factor of 70 and 4592700?
70
What is the highest common divisor of 36 and 41125476?
12
What is the greatest common divisor of 662445414 and 6782?
6782
Calculate the highest common factor of 13340 and 8407796.
116
What is the greatest common divisor of 3916 and 16784688?
356
Calculate the highest common divisor of 37092 and 307428.
132
Calculate the highest common divisor of 316416 and 334338.
618
What is the greatest common divisor of 29843 and 732875?
11
Calculate the highest common divisor of 67684330 and 40.
10
Calculate the greatest common factor of 30584125 and 14065.
145
What is the greatest common divisor of 33336845 and 10?
5
Calculate the highest common divisor of 1036 and 23697316.
148
What is the highest common divisor of 323460 and 93420?
540
Calculate the highest common divisor of 89746 and 4658988.
3902
Calculate the highest common divisor of 512 and 28811344.
16
What is the highest common factor of 12784710 and 2381358?
10974
Calculate the greatest common factor of 52 and 15316613.
13
What is the highest common divisor of 40344 and 1415197?
41
What is the highest common divisor of 28450 and 222689530?
5690
Calculate the highest common divisor of 2314 and 164897954.
2314
Calculate the greatest common factor of 1142969 and 164.
1
What is the greatest common divisor of 54 and 375539868?
54
Calculate the highest common factor of 8272474 and 909482.
5446
Calculate the highest common factor of 243078 and 1864995.
4191
What is the highest common divisor of 69 and 4367631?
69
What is the highest common divisor of 108221 and 20088?
31
Calculate the greatest common divisor of 996 and 30463241.
83
Calculate the highest common divisor of 38 and 560908234.
38
What is the greatest common divisor of 8591777 and 636?
53
What is the highest common divisor of 361863550 and 4750?
950
Calculate the greatest common factor of 53148932 and 4.
4
Calculate the highest common divisor of 9303994 and 14.
14
What is the highest common divisor of 14547 and 5214963?
39
What is the highest common factor of 2775 and 113590?
185
What is the highest common divisor of 10779479 and 1955?
391
What is the greatest common divisor of 867 and 833799?
51
What is the highest common divisor of 3294 and 26491812?
366
Calculate the greatest common divisor of 196167620 and 968.
484
What is the greatest common divisor of 7 and 363937?
7
What is the highest common divisor of 96 and 5880684?
12
What is the highest common factor of 16862972 and 24846?
82
Calculate the greatest common divisor of 41839 and 2280712.
973
Calculate the greatest common factor of 13550122 and 395930.
4658
What is the highest common divisor of 943385 and 135?
5
Calculate the greatest common factor of 105586 and 195858.
806
Calculate the greatest common divisor of 6475 and 26975.
25
Calculate the greatest common divisor of 132 and 14395623.
33
Calculate the highest common factor of 127095 and 975.
15
Calculate the greatest common factor of 587461 and 5679.
631
What is the greatest common divisor of 1283425 and 7475325?
3575
Calculate the greatest common divisor of 4968 and 9155196.
828
Calculate the greatest common divisor of 365694930 and 1044.
522
What is the greatest common divisor of 60796929 and 2643?
2643
What is the highest common factor of 159731 and 6556?
11
What is the greatest common factor of 3290 and 35020734?
658
What is the greatest common divisor of 54834 and 131646?
222
Calculate the highest common divisor of 406572 and 52938.
102
Calculate the highest common divisor of 6556 and 358196.
596
What is the greatest common divisor of 76869688 and 14?
14
What is the greatest common factor of 21497 and 17187142?
581
Calculate the greatest common divisor of 423514 and 1641430.
2506
What is the highest common divisor of 528 and 98377290?
66
Calculate the highest common factor of 1287 and 12184623.
99
Calculate the greatest common factor of 10422 and 1092187.
193
What is the highest common factor of 60306 and 1886?
46
What is the greatest common divisor of 30951 and 7125?
57
Calculate the highest common divisor of 1415295 and 24255.
315
Calculate the highest common divisor of 2919000 and 360.
120
Calculate the greatest common factor of 1500 and 5957750.
250
Calculate the highest common divisor of 12011417 and 3438.
191
Calculate the highest common divisor of 1344145 and 5555.
55
Calculate the greatest common factor of 1515 and 26582190.
1515
Calculate the highest common divisor of 11396021 and 4.
1
What is the highest common divisor of 20427 and 2375103?
1857
What is the highest common divisor of 11450 and 245668910?
2290
Calculate the greatest common factor of 900780497 and 131.
131
Calculate the greatest common factor of 3250 and 836953.
13
Calculate the greatest common divisor of 25192931 and 32543.
4649
Calculate the highest common divisor of 4279248 and 12.
12
Calculate the highest common factor of 13216645 and 143.
13
Calculate the greatest common divisor of 4070 and 140690.
110
What is the highest common divisor of 821120 and 688640?
640
Calculate the greatest common factor of 77783529 and 13138.
6569
What is the greatest common factor of 166956 and 42?
6
What is the greatest common factor of 35520 and 460480?
320
Calculate the greatest common factor of 51549334 and 8366.
178
What is the greatest common divisor of 61376471 and 104?
13
Calculate the greatest common divisor of 403 and 2424123.
13
Calculate the greatest common factor of 258 and 15968.
2
What is the greatest common factor of 4349502 and 504?
18
Calculate the greatest common divisor of 6104031 and 1974.
141
What is the greatest common factor of 188 and 30779172?
188
Calculate the highest common divisor of 133648028 and 4.
4
Calculate the greatest common divisor of 1642650 and 1194.
6
What is the greatest common factor of 6 and 340079385?
3
Calculate the highest common divisor of 2652433 and 21.
7
What is the greatest common divisor of 397 and 3885439?
397
What is the highest common divisor of 1355755 and 1342095?
3415
What is the highest common factor of 1722 and 34248?
6
What is the highest common divisor of 38 and 10741061?
19
Calculate the 